is 342343242 - -1324?
342400121
In base 3, what is 11 + -11002211010200?
-11002211010112
In base 4, what is -23323333 - 10220?
-30000213
In base 8, what is 323451 + -16352?
305077
In base 4, what is -23013 + 200200?
111121
In base 11, what is 1079039 + -3?
1079036
In base 16, what is -32 + -3fd2c?
-3fd5e
In base 13, what is 3 - a11831?
-a1182b
In base 11, what is 282879390 + 5?
282879395
In base 15, what is -c2221 - -31?
-c21e0
In base 7, what is -1256136 - -65?
-1256041
In base 11, what is a7aa2 - 148?
a7955
In base 4, what is -3210213 - 12232001?
-22102220
In base 9, what is -7113830 - 37?
-7113867
In base 13, what is 0 - 10bb8b5?
-10bb8b5
In base 8, what is -3 + 1320432640?
1320432635
In base 3, what is 102021011020 + 1002?
102021012022
In base 16, what is -24 - 160ea?
-1610e
In base 13, what is 4 - 12b66bc?
-12b66b8
In base 12, what is 18568 - 42bb?
14269
In base 4, what is -3333 - 1330233302?
-1330303301
In base 14, what is -21 + -15460?
-15481
In base 4, what is 222032001002 - -10?
222032001012
In base 15, what is 33 + -9bcd5b?
-9bcd28
In base 16, what is 45b06 + -30?
45ad6
In base 7, what is -3246153 - -136?
-3246014
In base 9, what is -2 + -2614371?
-2614373
In base 8, what is -1 + -214005107?
-214005110
In base 2, what is -1101111100101110101010 - 0?
-1101111100101110101010
In base 10, what is -2129774 + -7?
-2129781
In base 4, what is 1111330 - -202130?
1320120
In base 12, what is 9 - -35b21b2?
35b21bb
In base 6, what is -15154044 - 255?
-15154343
In base 15, what is -534337b - -5?
-5343376
In base 6, what is 3453 - 3253?
200
In base 3, what is -1122212100201 + -211?
-1122212101112
In base 2, what is 1110 + 1000100011100100000101100?
1000100011100100000111010
In base 9, what is -7044210 + -1?
-7044211
In base 12, what is 4798a5 - -a2?
479987
In base 11, what is -3 + 5732494?
5732491
In base 6, what is -20240 - 212413?
-233053
In base 8, what is -2 - -25315444?
25315442
In base 11, what is -1641288 - 5?
-1641292
In base 11, what is -1075480 + 145?
-1075336
In base 2, what is -1 - 100111001101110100110101?
-100111001101110100110110
In base 16, what is -a2b6 + -11b4?
-b46a
In base 2, what is -11001010011100000101010 - 10?
-11001010011100000101100
In base 11, what is 218 - -61497?
61704
In base 11, what is -125a - 263486?
-264735
In base 4, what is -22031 - 2001323?
-2030020
In base 8, what is -21 + -1547255?
-1547276
In base 6, what is 405305 + 11152?
420501
In base 6, what is -24554 + -51314?
-120312
In base 2, what is 111010110010100101 + 1010001?
111010110011110110
In base 6, what is -13 - 155442313?
-155442330
In base 7, what is -6 - 2304433413?
-2304433422
In base 7, what is -255 + 1542030?
1541442
In base 6, what is -4 - 352151455?
-352151503
In base 3, what is -121102121000 + -111101?
-121110002101
In base 9, what is -1 - -763817503?
763817502
In base 8, what is 2673 + -2664?
7
In base 10, what is 17339 - -10112?
27451
In base 16, what is 24 - -2791d?
27941
In base 12, what is 4800b468 + -2?
4800b466
In base 14, what is -3 + 6b8030?
6b802b
In base 4, what is -1332220323032 + -102?
-1332220323200
In base 5, what is -323334123104 + 1?
-323334123103
In base 16, what is -2f9267f - -1?
-2f9267e
In base 7, what is -165 + -403201?
-403366
In base 14, what is -7 - 273b11?
-273b18
In base 14, what is -3181d0 + -37b?
-31856b
In base 6, what is 22133231545 + -3?
22133231542
In base 16, what is -83bf - -33?
-838c
In base 10, what is -20984 - 10464?
-31448
In base 11, what is 3803 - -572?
4275
In base 14, what is -9 - -115d83?
115d78
In base 11, what is 70917 + -567?
70360
In base 15, what is 1339a5b1 - 5?
1339a5ab
In base 12, what is 6 - -723a6aa?
723a6b4
In base 8, what is 36302 - 1433?
34647
In base 6, what is 34 + -133421015?
-133420541
In base 2, what is -101111100110 - -111010100101?
1010111111
In base 8, what is -565230 + -543?
-565773
In base 15, what is ab + 917e5?
918a1
In base 16, what is 20b + -248b?
-2280
In base 9, what is 1114 + -8357?
-7243
In base 3, what is 121021202 + 1012220?
122111122
In base 14, what is -5 + b171b?
b1716
In base 13, what is 4 + 1243ca6?
1243caa
In base 16, what is -35c + -14f45?
-152a1
In base 5, what is -110 - 14030212?
-14030322
In base 7, what is 3 - 206354534?
-206354531
In base 7, what is 5 + 320551563?
320551601
In base 4, what is -1103300012 + -11?
-1103300023
In base 4, what is -22333 - -113130122?
113101123
In base 11, what is a168a280 - 0?
a168a280
In base 14, what is -cc271 + 8?
-cc267
In base 14, what is 12 + -3b4c73?
-3b4c61
In base 6, what is -41424045 + 15?
-41424030
In base 8, what is -22 + -12555734?
-12555756
In base 10, what is -8 + -3747205?
-3747213
In base 7, what is -104003326 - 0?
-104003326
In base 9, what is 4 - 171381101?
-171381086
In base 15, what is -a17 + 6568?
5a51
In base 5, what is 300444433303 - 2?
300444433301
In base 9, what is -55682317 + -5?
-55682323
In base 3, what is -211 - 111000000120?
-111000001101
In base 11, what is -12886 + a55?
-11931
In base 9, what is -36 + 242717?
242671
In base 11, what is 13390630 - 5?
13390626
In base 2, what is 1100100001101011001010 - -10100010?
1100100001101101101100
In base 14, what is -a - -730a?
7300
In base 11, what is 11a5 + -600?
6a5
In base 8, what is 1 + -135472035?
-135472034
In base 11, what is -144 - -502a5?
50161
In base 4, what is -20 + 303220301131?
303220301111
In base 14, what is 2d4b - 188b?
14a0
In base 7, what is -10255 + 1556?
-5366
In base 3, what is 21120 - -22012110?
22111000
In base 4, what is -10 + -21201123230332?
-21201123231002
In base 5, what is 1412133 - 1230?
1410403
In base 8, what is -13 + 1216352?
1216337
In base 9, what is 557 + 18426?
20084
In base 11, what is -8 + 10a30162?
10a30155
In base 16, what is -23e21c - b2?
-23e2ce
In base 8, what is 1 - 1003254712?
-1003254711
In base 14, what is -10 - -11c02bb?
11c02ab
In base 7, what is 3316505224 + 3?
3316505230
In base 12, what is 15a + -64600?
-64462
In base 9, what is -3167807 - 3?
-3167811
In base 12, what is 282a + -649?
21a1
In base 14, what is -82566d9 + -2?
-82566db
In base 2, what is -111110100101011110110 - 1?
-111110100101011110111
In base 6, what is -112100 + -314?
-112414
In base 7, what is -630423 - -30555?
-566535
In base 15, what is 29 + 213035?
21305e
In base 16, what is -2 - -28c9eb?
28c9e9
In base 11, what is -4087138 - 1?
-4087139
In base 4, what is -12 - 211023201103?
-211023201121
In base 4, what is -2310110 + 11101203?
2131033
In base 2, what is 100010000 - 1000110101011100111?
-1000110100111010111
In base 13, what is -15a39b + 19?
-15a382
In base 6, what is 244542333 - 2?
244542331
In base 13, what is -13a22 + a0?
-13952
In base 3, what is 121022201020 + 11?
121022201101
In base 15, what is d - -2ec3703?
2ec3711
In base 4, what is 1033310 - -102002?
1201312
In base 6, what is 1 - 220214355?
-220214354
In base 9, what is 1680377 - 57?
1680320
In base 10, what is 1 - 1372815?
-1372814
In base 8, what is -13145462 - -11?
-13145451
In base 3, what is 111211001210121 + 10?
111211001210201
In base 5, what is 4 - -214010411203?
214010411212
In base 7, what is 4 - 122562153?
-122562146
In base 2, what is 10110110011111 - -11111011100?
11010101111011
In base 13, what is 11b4 + cb2?
2196
In base 14, what is 5 + d30565?
d3056a
In base 12, what is -580 - -9877a?
981ba
In base 16, what is -106caa + f?
-106c9b
In base 10, what is 405806843 - 5?
405806838
In base 8, what is -13345 + 534570?
521223
In base 4, what is 202 - 101120313123?
-101120312321
In base 11, what is a204994 - -3?
a204997
In base 13, what is -422bc1 + 0?
-422bc1
In base 3, what is 20202000 - -22220202?
120122202
In base 16, what is 4a184f - -3?
4a1852
In base 16, what is -1b25 - -93d?
-11e8
In base 9, what is 5 - 5408271?
-5408265
In base 11, what is -4a8 - 75a32?
-7642a
In base 8, what is -3146 - -5507?
2341
In base 2, what is 1100011001011000 - -111010010?
1100100000101010
In base 10, what is -147664229 - 0?
-147664229
In base 2, what is 111110011010111101100110 - -100?
111110011010111101101010
In base 10, what is 3971906 - -9?
3971915
In base 3, what is 10011210021201 - -220010?
10011211011211
In base 2, what is 10100010101010110 + -10110?
10100010101000000
In base 15, what is -a4028 + -1?
-a4029
In base 2, what is -111111 - 11011011100100011?
-11011011101100010
